tors of 13/p*(-4 + 5 - -5)?
2, 13
Let q = 324 + -317. Let i(w) = 6*w**2 - 19*w + 6. What are the prime factors of i(q)?
167
Let o(i) be the first derivative of -38*i**2 + 33*i + 77. List the prime factors of o(-5).
7, 59
Let p(m) = m**2 + 12*m - 101. Let w be p(-18). Suppose -w*q + 1744 = -1329. What are the prime factors of q?
439
Suppose -13*w = -11*w - 5*w + 45903. List the prime factors of w.
11, 13, 107
Let p be (6 + 2)*((-4)/(-1) - 2). Let x be 1/(-4) + 84/p. Suppose x - 161 = -2*j. What are the prime factors of j?
2, 3, 13
Let y = -1213 + 595. Let p = -564 - y. What are the prime factors of p?
2, 3
Let a be (-2)/(-2)*2*10/4. Suppose 11*n = a*n + 4278. Suppose 0 = 9*k - 277 - n. List the prime factors of k.
2, 5, 11
Let j = -4866 - -22017. What are the prime factors of j?
3, 5717
Let c = 275 - 154. Suppose 116*p - c*p + 2260 = 0. List the prime factors of p.
2, 113
Let i = -48136 - -91184. List the prime factors of i.
2, 5381
Let b(h) = 2*h**2 - 47*h - 58. Let t be b(22). What are the prime factors of (62/t)/(2/(-3776))?
2, 59
Let j(w) = w + 3. Suppose -2*m - 38 = -16. Let n be j(m). List the prime factors of 1365/(-3)*n/20.
2, 7, 13
Suppose 0 = -3*a + 103 - 4. Let x(z) = -a*z**2 - 3 + z - z**3 + 28*z**2 + 0 + z. What are the prime factors of x(-7)?
3
Let v(d) = -d + 2. Let a be v(2). Let h be 6/(60/35)*2338/49. Suppose -5*g + 113 + h = a. List the prime factors of g.
2, 7
Let j = 305 + 175. Suppose 536 = p - j. What are the prime factors of p?
2, 127
Let l = -268 - -102. Let t = 235 + l. Suppose 0 = v - t - 40. List the prime factors of v.
109
Suppose 0 = 10*l + 2*l - 56317 - 46511. What are the prime factors of l?
11, 19, 41
Suppose 0 = 91*d - 32*d + 177. Let m(i) be the third derivative of -9*i**4/4 - 7*i**3/6 - 2*i**2. What are the prime factors of m(d)?
5, 31
Suppose 332 = 3*f + 2*n, 0 = 3*f + 4*n - 182 - 146. Suppose -825 = -5*j + i, 2*j + i = 225 + f. List the prime factors of j.
2, 83
Let t = -10 + 10. Let s be (4 - t) + (5 - 1). Let x = 40 - s. What are the prime factors of x?
2
Suppose -q = -4*o + 61283, -2879*q = -2883*q - 12. What are the prime factors of o?
2, 5, 383
What are the prime factors of (8/(-10))/(156/(-117)) - 55588/(-20)?
2, 5, 139
Suppose 0 = 4*c - 13 + 1. Suppose 3*j - 4*y - 126 - 29 = 0, -c*j - 4*y = -139. What are the prime factors of j?
7
Let i be 3/2*((-376)/6)/(-2). Let b = i + -43. Suppose b + 0 = -j, -j = l - 193. What are the prime factors of l?
197
Let n(t) be the second derivative of 34*t**3 - 13*t**2/2 - 2*t - 58. What are the prime factors of n(1)?
191
Suppose 53*j - 44*j - 18 = 0. Suppose -44 = -j*q + 1216. List the prime factors of q.
2, 3, 5, 7
Let z = 3326 + -2447. What are the prime factors of z?
3, 293
Suppose 7*n - 10*n + 4*f + 6838 = 0, 2*n - f = 4557. Suppose -4*h + n + 3117 = 3*r, 4*r + 6705 = 5*h. What are the prime factors of h?
5, 269
Let r = 35863 - 16792. What are the prime factors of r?
3, 13, 163
Suppose 0 = 4*a - 3*y - 160456, 0 = -1366*a + 1369*a + 2*y - 120342. List the prime factors of a.
2, 31, 647
Suppose 5*h - 130 = -120. What are the prime factors of 3/(-5)*(h - 1870/10)?
3, 37
Suppose 0 = -5*q - 5*d + 7625, -2*q - 5*d - 513 = -3548. What are the prime factors of q?
2, 3, 5, 17
Suppose 287*g - 284*g = 66. Suppose -g*n = -n - 3255. List the prime factors of n.
5, 31
Suppose 43 = -f + 162. Let w = f + 152. What are the prime factors of w?
271
Suppose 138825 = -415*j - 416*j + 846*j. List the prime factors of j.
3, 5, 617
Let b(r) = 9*r**2 + 8*r + 2. Let l be b(14). Suppose -10*o + 2162 + l = 0. What are the prime factors of o?
2, 101
Let r(x) = -x**3 - 5*x**2 + 3*x - 11. Let s(b) = b**3 + 10*b**2 - 5*b + 23. Let u(q) = -5*r(q) - 2*s(q). What are the prime factors of u(6)?
3, 269
Suppose 13*k = 15*k + t - 37054, -4 = -2*t. List the prime factors of k.
2, 59, 157
Let a(u) = u**3 + 24*u**2 + 32*u + 43. Let b = -583 + 563. List the prime factors of a(b).
17, 59
Suppose 4*a + 8 = 2*a, 1656 = -4*x + 4*a. Let s = x - -983. What are the prime factors of s?
5, 113
Let s be (-232)/87*4/(8/1293). Let n = -570 - s. What are the prime factors of n?
2, 577
Suppose 107907 + 561673 = 52*w - 266576. What are the prime factors of w?
3, 17, 353
Suppose -54*g + 8001 = -63*g. Let a = g - -1389. List the prime factors of a.
2, 5
Let g(h) = h**3 + 17*h**2 + 3*h + 53. Let b be g(-17). Suppose 5*v - b*u - 4306 = 0, 2*v - 5*u - 1270 - 465 = 0. What are the prime factors of v?
2, 5, 43
What are the prime factors of (-1922)/(-310) + 8/10 - -6447?
2, 7, 461
What are the prime factors of 31438 - (-17 + 23 - 24)?
2, 983
Let i(y) = 20*y**2 - 2*y + 2. Let j be i(1). Suppose 0 = 3*h + 12, q - 5*h = 2*q + j. List the prime factors of (-4 - (-3 + q))*(0 - 91).
7, 13
List the prime factors of 475/(-9)*-46 + (2/9 - 0).
2, 607
What are the prime factors of (-1*97)/((-93)/5115)?
5, 11, 97
Suppose 4*y = i - 4816, -3*y + 2457 = -2*i + 12099. What are the prime factors of i?
2, 3, 67
Let z(h) = h**3 + 25*h**2 - 38*h + 61. List the prime factors of z(-22).
3, 29
Let b(u) = 2604*u + 4500. List the prime factors of b(3).
2, 3, 19
Suppose 7*s + 3*s = 30. Suppose -4*a - 1639 = -s*i, 4*i - 1304 - 877 = a. What are the prime factors of i?
5, 109
Suppose -91 + 11 = -4*h. Suppose -h*p + 5509 + 6371 = 0. What are the prime factors of p?
2, 3, 11
List the prime factors of 252632/(-69)*(18 - 36).
2, 3, 1373
Let z = -48 + 20. Let k = z + 143. What are the prime factors of k?
5, 23
Let k = -8 - -11. Let b(r) = 3*r - 13. Let d be b(6). Suppose -d*q - 3*a + 357 = 0, 3*q - k*a = 128 + 91. List the prime factors of q.
2, 3
Let y = 19342 - 17243. What are the prime factors of y?
2099
Let l(g) = 4*g + 58. Let o be l(0). Suppose f = -a + o, -a + 177 + 1 = 3*f. What are the prime factors of f?
2, 3, 5
Let o = 7401 + 7099. List the prime factors of o.
2, 5, 29
Let s be -10*2/4*-4. Suppose -2 = x - s. Let p = x - -69. What are the prime factors of p?
3, 29
Let b(s) = -s + 9. Let w be b(7). Suppose 3 = d - w*d. Let v = d - -59. List the prime factors of v.
2, 7
Suppose -13*h + 3095 + 181175 = -145501. What are the prime factors of h?
25367
Suppose 2*s - 2 - 4 = -3*b, -5*s + 15 = 5*b. Suppose b = -38*p + 34*p + 108. Suppose -29*x = -p*x - 176. List the prime factors of x.
2, 11
Suppose 0 = -5*i + 2*s + 11994 + 63012, 3*i + s - 45008 = 0. What are the prime factors of i?
2, 13, 577
Suppose 258118 = 65*d + 15993. What are the prime factors of d?
5, 149
Suppose -79*i - 25*i + 976352 = 0. What are the prime factors of i?
2, 2347
Suppose -3*m - 1425 = -3*s, 4*m + 2380 = 13*s - 8*s. Suppose 0 = -3*j + 4*h + 731, -h + 241 = 3*j - s. Let z = -93 + j. What are the prime factors of z?
2, 37
What are the prime factors of (-12 - 8290/40)/((-3)/564)?
47, 877
Let i be 176/66*(-3)/(-4). Suppose 0 = -6*s + 74 - i. Suppose s + 9 = a. What are the prime factors of a?
3, 7
What are the prime factors of (8/36)/((-32)/(-1600416))?
2, 5557
Let x(c) = -113*c**3 - 2*c - 2. Suppose 78 = 3*w + 18. Suppose 2*q + 2*q + 24 = -5*m, -w = 4*q + 4*m. What are the prime factors of x(q)?
113
Let l(g) = g**3 + 13*g + 9 - 34*g + 22*g - g**2. What are the prime factors of l(5)?
2, 3, 19
Let c = 96 + 30. Let k = c + -80. Let v = k + -3. What are the prime factors of v?
43
List the prime factors of (-121)/(-13 - -2) + 17020.
3, 7, 811
Let j(m) = -m**3 - 2*m**2 + 48*m + 2. Let o be j(-8). Suppose -g + 336 = 5*i - 4*i, -669 = -o*g - i. Let f = -170 + g. What are the prime factors of f?
163
Let l(r) = -r**3 - 4*r**2 + 3*r - 4. Let m be l(-5). Suppose 0 = m*x + 6*x - 108. List the prime factors of (-21 + x)*16/(-6).
2
Suppose 0 = -3*p - 4*z + 8, 16*z - 11*z - 10 = -p. Suppose x + 3*s = 363, p*s - 686 = -2*x + 4*s. List the prime factors of x.
3, 13
Let z be ((10 - (2 + 0))/1)/2. Suppose -156 = -q - 4*m, q = z*q - 4*m - 548. Suppose -28 - q = -4*s + 4*f, 5*f + 43 = s. List the prime factors of s.
53
Let y = 9 + -1. Suppose 0 = -3*k - 3*f + 1 + 554, -919 = -5*k + f. Suppose 232 + k = y*g. List the prime factors of g.
2, 13
Suppose o - 3*x + 112 = 2702, -5186 = -2*o + 4*x. Suppose -o = -2*p - 2*m - 939, 0 = p - 2*m - 815. List the prime factors of p.
3, 5, 11
Let d(p) = -p**3 + 3*p**2 - p + 6. Let c be d(3). Suppose -6*r = -q - r + 53, q - c*r = 49. List the prime factors of q - ((4 - 